f -64 - (-34 - 33) - -4?
7
Calculate (0 - 2 - 5) + 979 + -968 - (-8 - -22).
-10
Calculate -2 - ((-18 + 2 - -14) + 28 + (2 - 13)).
-17
Evaluate (164 - 48) + (123 - 211).
28
Evaluate (-7 - (1 - (-49 + (3 - 8)))) + 25 + -33.
-70
Evaluate -51 + (9 - (14 + 2 + (-8 - 14 - -7))).
-43
(-2 - -3 - (-17 - (5 + -21))) + -11 + -25
-34
What is the value of 10 + (-7 - 0) + 28 + 6 - 9?
28
812 + -778 - (33 + 1) - (11 - 4)
-7
What is (-73 - (-125 - 76)) + -78?
50
Calculate (-3 - 6) + (75 - 27 - 16) + -60.
-37
What is -10 + 15 - (-11 + (20 - 25 - -8))?
13
Calculate 40 + 1 + (45 - (-5 - -24)).
67
What is the value of (1 - 2) + 37 + (15 - (12 + 12)) + -11?
16
What is the value of -19 - (-5 + 2) - (-77 - -92)?
-31
10 + (-68 - (-45 + 23)) + 19
-17
359 + -324 - ((-3 - (-1 - 4)) + 21 + -12)
24
What is the value of -11 - ((-386 - -395) + (1 - -17))?
-38
Evaluate -12 - ((15 - 10) + 3 + (-10 - 5)) - 16.
-21
Evaluate 30 + 18 - (-71 - -81).
38
-27 + -57 + (82 - 96)
-98
Evaluate 15 + (19 - (25 + -33)) + 2.
44
Evaluate -30 + (14 - -38) - (27 - 13).
8
What is the value of (25 + 7 - 13) + 21?
40
-59 + -33 + (79 - -45)
32
What is -16 + (-29 + 9 - 26) + (0 - -11)?
-51
69 - (-43 - -45 - (-4 + -24))
39
What is the value of (-103 - -47) + -32 + 20?
-68
What is (1 - 39) + (-1963 - -2046) + 27?
72
9550 - 9618 - (2 - (7 + 0))
-63
-109 + (10 - (55 - 94))
-60
What is the value of -75 - (-42 + 37 + -38)?
-32
Calculate (-10 - (-7 + -2) - -6 - 12) + -50.
-57
35 - ((-81 - -61) + -2)
57
What is the value of -56 + (103 - 116 - (1 + -29))?
-41
Calculate -76 + 0 + (-26 - (30 + -48 + -19)).
-65
What is the value of (724 - 751) + (-2 - (-3 + 0)) + -17?
-43
What is (-28 + (51 - 25) - -9) + 2?
9
Evaluate -28 - -2 - (157 + -95 - 73).
-15
What is the value of -4 + (2 + 76 - (27 - 13) - 8)?
52
What is -25 - 2 - (80 - (45 + 37))?
-25
Calculate (87 - -2) + 233 + -250.
72
What is the value of (8 - 14 - (0 - 0)) + (-14 - 19) + 4?
-35
What is the value of ((-20 - -16) + 26 - -30) + 4?
56
(20 - (22 + 2) - 4) + (14 - 0)
6
What is the value of (7 - 20) + 24 + (-4 + -6 - 2)?
-1
(0 - 39) + -2 - (0 - 2 - 7 - -6)
-38
What is 64 - 6 - (4 - (16 - 11)) - (-8 - -4)?
63
What is the value of 19 + -9 + (2 - -2) + -6?
8
What is (-1 - (-25 - -6) - (-3 - (-35 - -31))) + -6?
11
15 + (-13 - (-1 + 0 - (453 + -492)))
-36
Evaluate -57 - -33 - (-21 - 45).
42
Calculate 12 - (-5 - (2 - 5) - (7 + -12) - 3).
12
What is the value of 33 + -22 + -2 + -69 + (-2 - (0 - -2))?
-64
Evaluate -67 - (-9 + (12 - 21) + 12 + 5 + 12).
-78
What is the value of -40 + (-20 - -66 - 19)?
-13
Evaluate 30 + -82 - 1 - (-11 + 0).
-42
What is (312 - 307 - (2 + 61)) + 4 + 8?
-46
Calculate (0 - 2) + (830 - 920) + 13.
-79
What is (-22 + (-3 - -18) - -9) + 9?
11
Calculate (-1 - 13) + 80 + (9 - 77).
-2
Calculate 75 - (1 + -11 + 6 + -1) - (372 - 379).
87
Evaluate -1 + -34 + -30 + -7 - -4.
-68
What is the value of -84 + (3 - -40) - (5 + 2)?
-48
What is 76 - (53 - -209) - -165?
-21
What is the value of (-6 - -39) + -909 + 967?
91
(2629 - 2671) + 21 + 1 + 1
-19
Calculate -10 + 17 + (25 + -14 - 35).
-17
Calculate -91 + 83 + (-19 - -48).
21
(6 + -10 + 3 - (18 + 0)) + (956 - 947)
-10
What is the value of (20 - (-21 - (12 - 29))) + -2?
22
What is the value of 0 - 7 - (-9 - (-69 + 9)) - (0 - 3)?
-55
11 + (-2 - 0) + (-25 - (-50 + -15 + -6))
55
What is the value of -114 + (98 - -24) + -86?
-78
Calculate -103 - ((-257 - -74) + 108).
-28
21 - 2 - (-99 + 130 + -63)
51
(-60 - (97 - 37)) + 36
-84
What is the value of -14 + 20 - (-8 + -25 + 20)?
19
What is -15 + 58 + -8 - 28 - (0 - 6)?
13
What is -28 + 35 + -27 + 32?
12
30 + -108 - ((0 - (6 - -2)) + 3)
-73
What is 134 + -88 - (16 + (19 - 14))?
25
75 + 3 - (-67 - -112)
33
Evaluate 1 + 83 + -458 + 501 - 9.
118
What is (-24 - (-28 + 12)) + (-6 + (-6 - -10) - -11)?
1
Evaluate 104 - (141 + -30) - (1 + 24).
-32
35 - (-11 - -78) - 3 - -8
-27
What is the value of -2 + (-62 - (-21 - 16)) - -21?
-6
What is the value of (-102 - (-106 + -71)) + -55?
20
What is 4 - ((12 - 60) + 47 + -22)?
27
Calculate (45 - (-8 - -54)) + -1 + -58.
-60
7 + -1 + (-17 - (93 + -160))
56
8 + -31 + (-4 + 12 - 0) + 3 + -32
-44
What is the value of 0 + (3 - 2) + 5 + 1235 + -1256?
-15
What is the value of -29 - (-181 + 29 + -11 - -26)?
108
What is -38 + 55 + 20 + -4 + -86?
-53
Calculate (-2 - (-6 - (-31 + 25))) + -21.
-23
What is 11 + -75 + -19 + 83?
0
What is (2 + 1 + -4 - -7) + 10667 + -10621?
52
Calculate (-5 - -13) + (-10 - 2 - 12) - -14.
-2
Evaluate 7 - (0 - 0) - (-7 + -1 + 52 - 52).
15
-9 - -1 - (25 - 37 - -40)
-36
Calculate (-6 - 48) + (699 - 624).
21
Calculate -56 - (-141 + 93) - 42.
-50
What is 118 + -18 + -9 - (-5 + 40)?
56
-36 - (-25 - -11) - -12 - -13
3
Calculate -57 - (124 + -123 - -44).
-102
What is the value of -87 + (12 - (-30 + 4 + 19))?
-68
What is -54 - (-88 - 127) - 85?
76
Calculate 24 + (-9 - ((1 + 0 - -1) + -1182 + 1172)).
23
Evaluate 21 - (-13 + 51) - -1 - 6.
-22
Evaluate 3 + -15 + -23 + (12 - 9).
-32
Evaluate (66 - (59 + -24)) + -49.
-18
2 + (31 + -1 - (-27 + -24 + 62))
21
52 - (33 - 9) - -28 - -8
64
What is the value of -57 + 0 + 15 + (50 - 24 - (26 - -10))?
-52
Evaluate ((-5 - (11 - 11)) + 7 - 17) + -14.
-29
Evaluate 10 - ((3 - (1 + 59)) + 4).
63
What is the value of 77 + -60 + (-1 - -1) + (-687 - -694)?
24
-45 + 91 + -33 + (1 - (-1 - -56))
-41
(-1402 - -1384) + 1 + -4 + -43
-64
Evaluate -86 - (-13 - 23) - (0 + 0).
-50
Evaluate 102 + -109 + 51 + -9 + 5.
40
Evaluate (19 - (102 - 152)) + -23.
46
-72 + 6 + (-403 - -453)
-16
Evaluate (-10 - 2 - (0 + -1)) + (-382 - -382) + 7.
-4
Evaluate (54 - 83) + 73 + -89.
-45
Evaluate (-30 - 1) + (-59 - -67) + (-21 + 8 - -9).
-27
What is (0 - 45) + 43 - (45 + -10 + 7)?
-44
Evaluate (38 - (17 - 3)) + 0 + -7 + (-2 - 2).
13
Evaluate -92 + (-50 - -49 - 13).
-106
6 + 35 + -46 + -40 + -1 + (-2 - 6)
-54
Evaluate 57 + (3 - 31 - (14 - (-7 + 45))).
53
Calculate -47 + 66 + -55 - (-4 - 18 - -1).
-15
Calculate 3 + (-9 - 79) - (9 - (6 + -5) - 1).
-92
47 + ((-2 - -4) + 1 - (-90 + -19 - -112))
47
Evaluate -54 + 18 + -5 + (-5 - -2) + 10 + 3.
-31
What is the value of -9 + -117 + 57 + 45?
-24
What is 121 - (125 + -257 - -171)?
82
(138 - 5 - 171) + 1 + 52
15
What is -60 + -2 + (-623 - -670)?
-15
What is (-82 - -56) + (12 - -19) - 82?
-77
What is (2 - (-8 - -4 - -8)) + (481 - 540)?
-61
Calculate -9 + 1 + (-4 - 35) + (-163 - -136).
-74
Calculate -117 + 78 + 39 + -11.
-11
Evaluate 57 + 1 + -39 - 22.
-3
-55 + 20 + 42 - ((-1 - -4) + -7 + 122)
-111
What is the value of (-21 + 13 + 4 - 5) + 4 - (-59 + -2)?
56
Evaluate 0 + 21 + (-53 - -28) + -31.
-35
What is the value of -17 - (-47 + 36 - (-7 + (7 - 0)))?
-6
-67 + 12 + -5 + -6 + 8
-58
Evaluate 7 + 13 - (62 - (21 - -3)).
-18
Evaluate (-3 + 11 + -5 + 7 - 1) + 4.
13
(-68 - -27 - -37) + -19
-23
What is the value of -8 + 1 + (-14 - -4) + -12?
-29
What is -14 - (0 + (1 + -10 - -9 - -17))?
-31
Calculate 19 - (-7 - -5 - (2 + -14 + 3)).
12
What is (-21 + 0 - 6) + (4 - (-1 + 4))?
-26
(62 - (11 - -54)) + 6 + (3 - 3)
3
Evaluate -36 + (-43 + 91 - 42).
-30
Evaluate 44 - (110 - (31 - -9)).
-26
Evaluate -1 + -1 + 44 + (325 - 330).
37
What is the value of 0 - (5 + (-29 + (26 - -6) - (-8 - 1)))?
-17
What is the value of 54 + (-9 - 0) - (35 - (24 - -1))?
35
What is (6 + 1 + 2 + 2 - 10) + -54 + -4?
-57
What is (2 - 4) + 2 + 47 + -4?
43
What is the value of (-21 - -107) + -10 - -2 - (6 - -3)?
69
What is (20 - 64) + (-47 + -4 - -48)?
-47
What is the value of 112 + (121 + -213 - -111)?
131
Evaluate 12 + 1 + (112 - (58 + 35)) + -6.
26
Calculate 17 + (-208 - -92) + 12.
-87
81 + -17 + (-76 + 79 - (0 - 1))
68
What is (2 - (-10 - -4)) + -56 + -17 + 47?
-18
Evaluate (4 - -24) + -24 + 12 + -9.
7
Calculate -312 + 307 - (-43 + 2 + 1 + -8).
43
What is (21 + -5 + -3 - -75) + 1?
89
Evaluate 42 + 46 + 46 + -66 + -63.
5
What is -10 + (-118 - -259) + -100?
31
Evaluate (12 - (-10 + 60 + (13 - 17))) + 6.
-28
What is (-12 - -1) + (16 - (25 + -18)) - 30?
-32
Evaluate (44 - 25) + (13 - 0 - (-327 + 365)).
-6
What is 1 - 1 - ((-58 - 2) + (374 - 356))?
42
Calculate (2 - -5) + 1 + -9 + 122 + -73.
48
Calculate -64 - ((1 + 5 - (57 - 48)) + 10 - 14).
-57
9 - ((14 - 6) + 10 + -3) - (-1 - 10)
5
What is the value of 145 + 50 + -153 + 0?
42
What is 9 + 17 + -43 + 2 + 10 + -20?
-25
(142 - 136) + (0 - 9) + -1 + -36
-40
What is 17 - 42 -